5535477
Convert bcd6f (base 16) to base 11.
489150
What is 1b8ee (base 15) in base 3?
11120010222
What is -1111000101010101110 (base 2) in base 14?
-cc19c
3529441 (base 10) to base 3
20122022111001
-51542241 (base 7) to base 15
-5a7d96
Convert 1568211 (base 10) to base 14.
2cb711
What is -212e0f (base 16) in base 4?
-20102320033
What is 141a09 (base 11) in base 13?
7a178
What is 320310332320 (base 4) in base 16?
e34fb8
What is -94bd23 (base 15) in base 6?
-411403410
-669a93 (base 11) to base 13
-2b4b30
What is -331165 (base 7) in base 14?
-17235
5a7903 (base 12) to base 11
910681
1012210222120 (base 3) to base 4
2131223322
What is 1122066 (base 9) in base 12?
252236
-792819 (base 12) to base 3
-10122012200110
What is -1211012000 (base 3) in base 12?
-18900
Convert 128013 (base 13) to base 4.
1230320313
Convert 1791b2b (base 14) to base 15.
1050577
Convert -10233613 (base 8) to base 16.
-21378b
Convert -2125243 (base 6) to base 4.
-121212123
Convert -231144201 (base 5) to base 6.
-34122522
What is -1001301202 (base 4) in base 7?
-2201311
Convert 4d277 (base 16) to base 10.
316023
Convert -42020 (base 9) to base 10.
-27720
Convert -194f5 (base 16) to base 7.
-611146
Convert -8ab518 (base 13) to base 8.
-14410133
Convert 1010000101001 (base 2) to base 14.
1c49
What is 53a937 (base 11) in base 15?
120d47
-2616215 (base 8) to base 13
-1c65ba
What is -353533105 (base 6) in base 8?
-31205401
What is 2645546 (base 9) in base 3?
2201112121120
211061366 (base 7) to base 10
12485738
-105444262 (base 8) to base 3
-1021022120022100
Convert -101111001010100001 (base 2) to base 12.
-93969
Convert -d7d0b (base 14) to base 16.
-7f3d7
What is 4635cd (base 14) in base 11?
1393595
Convert 66cb (base 16) to base 8.
63313
Convert 12402152 (base 6) to base 7.
3304220
100101100110110110111 (base 2) to base 13
341ba2
Convert 122231130121 (base 4) to base 16.
6ad719
-833633 (base 9) to base 14
-cc454
34deb6 (base 16) to base 13
944139
What is -7de9c (base 15) in base 11?
-254763
Convert 118bdd (base 16) to base 14.
21d0cd
-40803 (base 11) to base 14
-179a7
-3b9311 (base 13) to base 14
-299b72
Convert -6746202 (base 8) to base 15.
-25ec01
What is 40435033 (base 6) in base 15?
17c70c
-13121123132 (base 4) to base 5
-444023131
What is -154aa (base 16) in base 6?
-1511430
Convert 10102111212102 (base 3) to base 14.
355877
What is 1910a3 (base 11) in base 15?
5c2c9
1c3854 (base 16) to base 12
752330
What is -43201 (base 16) in base 10?
-274945
What is 286267 (base 11) in base 14?
b9147
521587 (base 9) to base 12
12b1a4
Convert b3982e (base 15) to base 16.
824483
-196c06 (base 15) to base 13
-344625
b859 (base 16) to base 14
132ad
-9255 (base 12) to base 3
-210211002
Convert 71b9c9 (base 15) to base 3.
101011122002000
Convert 868e8 (base 15) to base 8.
1502404
387268 (base 13) to base 6
45035454
What is 251282 (base 9) in base 16?
2513c
Convert -153289 (base 10) to base 7.
-1205623
What is 67071 (base 12) in base 5?
13332342
What is 16015405 (base 7) in base 2?
101110110011100111010
b1b87 (base 14) to base 7
3430430
What is 256210 (base 8) in base 15?
1b684
What is 120411312 (base 6) in base 10?
2272220
3544362 (base 7) to base 11
286779
What is -61c61 (base 13) in base 9?
-286868
Convert 582881 (base 9) to base 8.
1253330
10100000001110001 (base 2) to base 5
10111113
Convert -57ba6 (base 12) to base 16.
-1caee
12413202 (base 5) to base 2
11110000000101111
-4340776 (base 8) to base 11
-7253a7
What is -2303203323 (base 4) in base 16?
-b38fb
What is -514220 (base 6) in base 9?
-62363
Convert 1568586 (base 12) to base 7.
52065132
What is -28644a (base 14) in base 2?
-101010101110111100010
What is -13e53b (base 15) in base 12?
-3a3455
2341835 (base 9) to base 16
1357e2
What is -143063 (base 7) in base 13?
-c683
3342371 (base 8) to base 12
376275
What is 1130216 (base 7) in base 8?
424712
Convert -1110100111110011001 (base 2) to base 4.
-1310332121
510312 (base 7) to base 3
11101210010
Convert -12210112021 (base 3) to base 2.
-11011110110111101
-21200103 (base 4) to base 13
-14949
Convert -876b5 (base 15) to base 3.
-210212001022
-16b99 (base 14) to base 12
-29103
What is 7000527 (base 8) in base 9?
3406558
21004550 (base 8) to base 4
101000211220
b07c6 (base 13) to base 3
121000210210
Convert -4027236 (base 8) to base 9.
-1885664
Convert -104521603 (base 7) to base 6.
-343321454
What is 301563 (base 8) in base 10?
99187
Convert 46922 (base 15) to base 11.
1439a0
-a43a57 (base 11) to base 9
-3131676
What is -10202115 (base 8) in base 16?
-21044d
10001011110101011 (base 2) to base 8
213653
-1127112 (base 9) to base 13
-184154
What is -10042314 (base 6) in base 15?
-5999a
-2342114 (base 5) to base 6
-532545
What is -7b5a55 (base 15) in base 13?
-12b3921
Convert 70728 (base 14) to base 2.
1000001111111110000
223210132 (base 4) to base 11
112099
Convert -400203 (base 5) to base 4.
-3010021
54314772 (base 8) to base 2
101100011001100111111010
Convert -307763 (base 11) to base 5.
-111242021
-5041288 (base 9) to base 8
-12173004
Convert -328a1 (base 13) to base 4.
-112112220
Convert -120010001220210 (base 3) to base 16.
-7a8f3e
-2140012 (base 6) to base 2
-11001111100101000
Convert -57b1c (base 13) to base 4.
-213011010
-10862851 (base 9) to base 6
-305310331
Convert -729500 (base 12) to base 6.
-102323200
What is 702914 (base 12) in base 11?
a93271
-6c7c8d (base 15) to base 4
-103303021000
What is -1831317 (base 9) in base 14?
-1c950c
Convert 307355 (base 8) to base 5.
11232000
221320031111 (base 4) to base 10
10978133
What is -a7612 (base 13) in base 8?
-1115702
What is -111211000201102 (base 3) in base 14?
-d91a8b
Convert -240312132 (base 5) to base 12.
-452ab6
-968457 (base 14) to base 10
-5093725
-1680c (base 14) to base 10
-56460
Convert -3757483 (base 9) to base 14.
-3b388d
Convert b0310 (base 14) to base 9.
714437
e825bb (base 15) to base 11
6263824
What is -25131366 (base 7) in base 14?
-42b7dd
What is -663222 (base 8) in base 9?
-368638
Convert 13aa8 (base 16) to base 10.
80552
4331046 (base 9) to base 10
2323365
Convert 4434535 (base 6) to base 3.
102022110112
What is -5b7201 (base 15) in base 3?
-22020102020201
1a2a9 (base 14) to base 13
242b6
What is 5109481 (base 10) in base 2?
10011011111011011101001
What is -1320303102 (base 4) in base 13?
-1442a9
What is -220010202220 (base 3) in base 6?
-14103423
What is -31231302 (base 4) in base 12?
-28616
9bc1 (base 13) to base 11
15409
-28161 (base 10) to base 2
-110111000000001
What is -613072 (base 8) in base 9?
-337445
What is 10040104 (base 5) in base 10?
80654
4222143 (base 5) to base 10
70298
What is c53b1 (base 16) in base 4?
3011032301
What is 68887 (base 11) in base 7?
563153
Convert -5515310 (base 6) to base 2.
-1000011000011011010
-17333233 (base 9) to base 2
-100001001100100100111001
What is 238680 (base 9) in base 5?
14103141
10440104 (base 5) to base 3
11201210011
Convert -11011011100011000111100 (base 2) to base 11.
-40740a7
Convert 6108893 (base 12) to base 4.
1011112123233
Convert -3440311233 (base 5) to base 12.
-2715988
What is -16272 (base 9) in base 16?
-2b9a
42b5a (base 15) to base 11
135155
What is 134957 (base 10) in base 7?
1101314
What is 14034135 (base 7) in base 2?
100111110000100000101
What is 1016882 (base 9) in base 13?
16027a
Convert 130231310 (base 4) to base 14.
30c16
What is 369bc23 (base 13) in base 6?
1404104054
1023322000 (base 4) to base 6
10355224
Convert 63136024 (base 7) to base 5.
2330222131
What is 454b18 (base 12) in base 5?
240420044
-129778 (base 10) to base 14
-3541c
Convert -12cc7a (base 15) to base 14.
-1975d2
What is -9830d (base 16) in base 8?
-2301415
Convert 201333232023 (base 4) to base 9.
17682560
Convert -410153 (base 8) to base 14.
-37427
77996 (base 10) to base 14
205d2
Convert 11011110111111010 (base 2) to base 13.
3cc74
What is -79a9a (base 11) in base 8?
-342111
What is 5422486 (base 9) in base 11?
1707125
Convert 206b8a (base 13) to base 11.
478336
-51244124 (base 7) to base 2
-10000010100111011010101
What is 32a660 (base 13) in base 2?
100100011100001001111
What is 5725048 (base 9) in base 14?
5a51b9
Convert 193d (base 15) to base 8.
12522
Convert 140589 (base 10) to base 13.
4bcb7
-11221011011020 (base 3) to base 13
-709c14
c2121 (base 13) to base 5
42103242
What